{"id":169,"date":"2014-05-18T22:40:56","date_gmt":"2014-05-18T20:40:56","guid":{"rendered":"http:\/\/essv.fr\/?page_id=169"},"modified":"2014-08-03T15:50:42","modified_gmt":"2014-08-03T13:50:42","slug":"la-doctrine","status":"publish","type":"page","link":"https:\/\/essv.fr\/index.php\/la-doctrine\/","title":{"rendered":"La doctrine"},"content":{"rendered":"<h4 style=\"text-align: justify;\"><span style=\"color: #0000ff;\">La vue est un sens essentiel pour qui veut\u00a0s&rsquo;imposer en ma\u00eetre. Sans la vue, le cavalier est priv\u00e9 du\u00a0\u00ab\u00a0pouvoir\u00a0\u00bb de \u00ab\u00a0dominer\u00a0\u00bb son cheval. Il ne lui reste donc plus qu&rsquo;une solution : faire \u00ab\u00a0\u00e9quipe\u00a0\u00bb avec son compagnon.<\/span><\/h4>\n<h4 style=\"text-align: justify;\">La performance n&rsquo;est alors possible que par une complicit\u00e9 entre l&rsquo;homme et l&rsquo;animal.<\/h4>\n<h4 style=\"text-align: justify;\"><span style=\"color: #3366ff;\">Cette complicit\u00e9 ne peut s&rsquo;installer que par une communication juste et respectueuse du partenaire. Sans les yeux , toute contrainte\u00a0ou\u00a0\u00a0compensation est impossible ou veine. Seule une technique adapt\u00e9e peut permettre la r\u00e9ussite.<\/span><\/h4>\n<h4 style=\"text-align: justify;\">En adh\u00e9rant \u00e0 l&rsquo; \u00c9quitation Sensitive Sans la Vue, le cavalier accepte cette situation \u00ab\u00a0paradoxale\u00a0\u00bb pour lui garantir , dans\u00a0sa pratique sportive ou de loisir, de toujours placer\u00a0le bien -\u00eatre de son cheval comme \u00ab\u00a0le\u00a0\u00bb vecteur incontournable et mod\u00e9rateur !<\/h4>\n<p>&nbsp;<\/p>\n<h4 style=\"text-align: justify;\"><span style=\"color: #3366ff;\">L&rsquo;E.S.S.V. \u00a0\u00c9QUILIBRE LES RAPPORTS AU SEIN DU COUPLE.<\/span><\/h4>\n<h4><span style=\"color: #000000;\">Il ne peut plus \u00eatre question de soumission ni d&rsquo;ob\u00e9issance. Le cavalier se doit de comprendre sa monture dans ses dispositions physiques et psychologiques pour la conduire progressivement \u00e0 adopter\u00a0\u00a0des comportements adapt\u00e9s. Le cheval adh\u00e8re et s&rsquo;engage au cot\u00e9 de son cavalier qui s&rsquo;efforce de cr\u00e9er\u00a0\u00a0toutes les conditions de coh\u00e9rence et de confort : un v\u00e9ritable \u00ab\u00a0partenariat\u00a0\u00bb s&rsquo;instaure au sein du couple<\/span>.<\/h4>\n<p>&nbsp;<\/p>\n<h4><span style=\"color: #3366ff;\">L&rsquo;E.S.S.V.\u00a0DONNE AU CHEVAL LE POUVOIR DE S&rsquo;EXPRIMER<\/span><\/h4>\n<h4 style=\"text-align: justify;\"><span style=\"color: #000000;\">Le cavalier n&rsquo;ayant pas le pouvoir de s&rsquo;imposer, le cheval est\u00a0en capacit\u00e9 de choisir\u00a0les comportements qu&rsquo;il adopte. En cela, l&rsquo;ESSV \u00a0\u00ab\u00a0rend la parole\u00a0\u00bb au cheval : celui-ci s&rsquo;exprime \u00e0 travers les comportements qu&rsquo;il d\u00e9veloppe dans les\u00a0situations propos\u00e9es par son cavalier. Le cheval \u00ab\u00a0se r\u00e9v\u00e8le\u00a0\u00bb tel qu&rsquo;il est. Le cavalier peut alors mieux conna\u00eetre sa monture et d\u00e9velopper des strat\u00e9gies propres \u00e0 am\u00e9liorer ses capacit\u00e9s.<\/span><\/h4>\n<p>&nbsp;<\/p>\n<h4><span style=\"color: #3366ff;\">L&rsquo;E.S.S.V.\u00a0PLACE LE CAVALIER EN SITUATION DE \u00ab\u00a0PARTENAIRE\u00a0\u00bb<\/span><\/h4>\n<h4 style=\"text-align: justify;\"><span style=\"color: #000000;\">Le cavalier doit participer \u00a0activement aux mouvements du couple. Il n&rsquo;est pas un \u00ab\u00a0donneur d&rsquo;ordre\u00a0\u00bb mais un acteur qui doit se ma\u00eetriser dans ses comportements pour participer autant que son cheval \u00e0 la qualit\u00e9 de la r\u00e9alisation. La coh\u00e9rence et la justesse de ses comportements sont indispensables pour \u00a0permettre au cheval de d\u00e9velopper \u00e9galement des comportements justes et coh\u00e9rents .<\/span><\/h4>\n<p>&nbsp;<\/p>\n<p><span style=\"color: #0000ff;\"><strong>TEXTE FONDATEUR DE L&rsquo;\u00c9QUITATION SENSITIVE SANS LA VUE<\/strong><\/span> : \u00a0Cliquez sur \u00a0\u00a0<a title=\"LE &quot; CHEVAL-GUIDE&quot;\" href=\"http:\/\/essv.fr\/index.php\/le-cheval-guide\/\">Le Cheval &#8211; Guide<\/a><\/p>\n","protected":false},"excerpt":{"rendered":"<p>La vue est un sens essentiel pour qui veut\u00a0s&rsquo;imposer en ma\u00eetre. Sans la vue, le cavalier est priv\u00e9 du\u00a0\u00ab\u00a0pouvoir\u00a0\u00bb de \u00ab\u00a0dominer\u00a0\u00bb son cheval. Il ne lui reste donc plus qu&rsquo;une solution : faire \u00ab\u00a0\u00e9quipe\u00a0\u00bb avec son compagnon. La performance n&rsquo;est &hellip;<\/p>\n<p class=\"read-more\"> <a class=\"more-link\" href=\"https:\/\/essv.fr\/index.php\/la-doctrine\/\"> <span class=\"screen-reader-text\">La doctrine<\/span> Read More &raquo;<\/a><\/p>\n","protected":false},"author":2,"featured_media":0,"parent":0,"menu_order":0,"comment_status":"closed","ping_status":"closed","template":"","meta":{"footnotes":""},"class_list":["post-169","page","type-page","status-publish","hentry"],"_links":{"self":[{"href":"https:\/\/essv.fr\/index.php\/wp-json\/wp\/v2\/pages\/169","targetHints":{"allow":["GET"]}}],"collection":[{"href":"https:\/\/essv.fr\/index.php\/wp-json\/wp\/v2\/pages"}],"about":[{"href":"https:\/\/essv.fr\/index.php\/wp-json\/wp\/v2\/types\/page"}],"author":[{"embeddable":true,"href":"https:\/\/essv.fr\/index.php\/wp-json\/wp\/v2\/users\/2"}],"replies":[{"embeddable":true,"href":"https:\/\/essv.fr\/index.php\/wp-json\/wp\/v2\/comments?post=169"}],"version-history":[{"count":30,"href":"https:\/\/essv.fr\/index.php\/wp-json\/wp\/v2\/pages\/169\/revisions"}],"predecessor-version":[{"id":313,"href":"https:\/\/essv.fr\/index.php\/wp-json\/wp\/v2\/pages\/169\/revisions\/313"}],"wp:attachment":[{"href":"https:\/\/essv.fr\/index.php\/wp-json\/wp\/v2\/media?parent=169"}],"curies":[{"name":"wp","href":"https:\/\/api.w.org\/{rel}","templated":true}]}}