{"id":287,"date":"2014-08-03T13:38:45","date_gmt":"2014-08-03T11:38:45","guid":{"rendered":"http:\/\/essv.fr\/?page_id=287"},"modified":"2018-04-09T14:53:57","modified_gmt":"2018-04-09T12:53:57","slug":"au-fil-des-annees-une-equipe-des-partenaires","status":"publish","type":"page","link":"https:\/\/essv.fr\/index.php\/au-fil-des-annees-une-equipe-des-partenaires\/","title":{"rendered":"Une \u00e9quipe et des partenaires !"},"content":{"rendered":"<h3 style=\"text-align: justify;\"><span style=\"color: #0000ff;\">L&rsquo;ESSV a d\u00e9j\u00e0 une histoire : elle s&rsquo;est construite au fil des ann\u00e9es par des rencontres et des projets, port\u00e9s par des hommes et des femmes passionn\u00e9s et convaincus par la n\u00e9cessit\u00e9 d&rsquo;explorer ce champ atypique<\/span><\/h3>\n<h3><span style=\"color: #ff9900;\">Le soutien r\u00e9gulier ou ponctuel de nos partenaires est le moteur de toutes nos actions. <\/span><\/h3>\n<h3><span style=\"color: #ff9900;\">Au del\u00e0 des efforts financiers consentis, ces partenariats nous confortent et nous motivent.Nous tenons \u00e0 les remercier au nom de tous ceux qui b\u00e9n\u00e9ficient des projets que nous pouvons ainsi d\u00e9velopper.<\/span><\/h3>\n<h4>Liste et contacts :<\/h4>\n<hr \/>\n<h5>\u00a0<span style=\"text-decoration: underline;\">Ils nous soutiennent pour la conduite de nos actions et projets :<\/span><\/h5>\n<h4><span style=\"color: #ff9900;\">FIDUCIAL<\/span> Service aux entreprises : \u00a0pour en savoir plus , cliquez sur \u00a0\u00a0<span style=\"color: #3366ff;\"><a href=\"http:\/\/www.fiducial.fr\"><span style=\"color: #3366ff;\">Site internet<\/span><\/a><\/span><\/h4>\n<h4><span style=\"color: #ff9900;\">UNADEV\u00a0<\/span>Union nationale des Aveugles et D\u00e9ficients Visuels : cliquez\u00a0 sur\u00a0<span style=\"color: #3366ff;\"><a href=\"http:\/\/www.unadev.com\"><span style=\"color: #3366ff;\">Site internet<\/span><\/a><\/span><\/h4>\n<h4><span style=\"color: #ff9900;\">Le groupe LA POSTE<\/span> R\u00e9pondre aux besoins de tous : cliquez\u00a0 sur<span style=\"color: #3366ff;\"><a href=\"https:\/\/legroupe.laposte.fr\"> Site internet<\/a><\/span><\/h4>\n<hr \/>\n<h5><span style=\"text-decoration: underline;\">Ils s&rsquo;impliquent dans nos actions au quotidien ou ponctuellement<\/span> :<\/h5>\n<h4><span style=\"color: #ff9900;\">Le centre \u00e9questre de Verg\u00e8ze pr\u00e9s de Nimes (30)<\/span>&#8211;\u00a0\u00a0<a href=\"https:\/\/www.facebook.com\/centreequestrevergeze\"><span style=\"color: #3366ff;\">Site internet<\/span><\/a><\/h4>\n<h4><span style=\"color: #ff9900;\">Centre \u00e9questre \u00ab\u00a0La Sabretache\u00a0\u00bb \u00e0 Berre l&rsquo;\u00c9tang\u00a0(13)<\/span>&#8211;\u00a0 \u00a0<span style=\"color: #3366ff;\">\u00a0<a href=\"https:\/\/www.facebook.com\/lasabretache\/\"><span style=\"color: #3366ff;\">Site internet<\/span><\/a><\/span><\/h4>\n<h4><span style=\"color: #ff9900;\">Le centre \u00e9questre du Polo de Paris \u00e0 Boulogne (75) <\/span>&#8211; \u00a0<span style=\"color: #3366ff;\"><a href=\"http:\/\/www.polodeparis.com\/fr\/activites\/equitation.html\"><span style=\"color: #3366ff;\">Site internet<\/span><\/a><\/span><\/h4>\n<h4><span style=\"color: #ff9900;\">Le centre \u00e9questre d\u00e9partemental UCPA de la Courneuve (93) <\/span>&#8211;\u00a0 \u00a0\u00a0<span style=\"color: #3366ff;\"><a href=\"http:\/\/lacourneuve.ucpa.com\/\"><span style=\"color: #3366ff;\">Site internet<\/span><\/a><\/span><\/h4>\n<h4><span style=\"color: #ff9900;\">Le centre \u00e9questre universitaire d&rsquo;ORSAY (78) <\/span>&#8211;\u00a0 \u00a0\u00a0<span style=\"color: #3366ff;\"><a href=\"http:\/\/ceuorsay.wixsite.com\/ceuorsay\"><span style=\"color: #3366ff;\">Site internet<\/span><\/a><\/span><\/h4>\n<hr \/>\n<h5><span style=\"text-decoration: underline;\">Ils nous soutiennent pour nous permettre d&rsquo; investir \u00a0dans du mat\u00e9riel et \u00e9quipements n\u00e9cessaire \u00e0 nos actions<\/span><\/h5>\n<h4><span style=\"color: #ff9900;\">EQUIDRIVE Concept <\/span>: r\u00eanes pour une nouvelle relation \u00ab\u00a0main\/bouche\u00a0\u00bb , nomin\u00e9es aux troph\u00e9s de l&rsquo;innovation. Pour en savoir plus , cliquez sur <span style=\"color: #3366ff;\"><a href=\"http:\/\/www.equidrive.com\/\">Site internet<\/a><\/span><\/h4>\n<hr \/>\n<p>&nbsp;<\/p>\n<h3><\/h3>\n<p>&nbsp;<\/p>\n<p>&nbsp;<\/p>\n<p>&nbsp;<\/p>\n","protected":false},"excerpt":{"rendered":"<p>L&rsquo;ESSV a d\u00e9j\u00e0 une histoire : elle s&rsquo;est construite au fil des ann\u00e9es par des rencontres et des projets, port\u00e9s par des hommes et des femmes passionn\u00e9s et convaincus par la n\u00e9cessit\u00e9 d&rsquo;explorer ce champ atypique Le soutien r\u00e9gulier ou &hellip;<\/p>\n<p class=\"read-more\"> <a class=\"more-link\" href=\"https:\/\/essv.fr\/index.php\/au-fil-des-annees-une-equipe-des-partenaires\/\"> <span class=\"screen-reader-text\">Une \u00e9quipe et des partenaires !<\/span> Read More &raquo;<\/a><\/p>\n","protected":false},"author":2,"featured_media":0,"parent":0,"menu_order":0,"comment_status":"closed","ping_status":"closed","template":"","meta":{"footnotes":""},"class_list":["post-287","page","type-page","status-publish","hentry"],"_links":{"self":[{"href":"https:\/\/essv.fr\/index.php\/wp-json\/wp\/v2\/pages\/287","targetHints":{"allow":["GET"]}}],"collection":[{"href":"https:\/\/essv.fr\/index.php\/wp-json\/wp\/v2\/pages"}],"about":[{"href":"https:\/\/essv.fr\/index.php\/wp-json\/wp\/v2\/types\/page"}],"author":[{"embeddable":true,"href":"https:\/\/essv.fr\/index.php\/wp-json\/wp\/v2\/users\/2"}],"replies":[{"embeddable":true,"href":"https:\/\/essv.fr\/index.php\/wp-json\/wp\/v2\/comments?post=287"}],"version-history":[{"count":41,"href":"https:\/\/essv.fr\/index.php\/wp-json\/wp\/v2\/pages\/287\/revisions"}],"predecessor-version":[{"id":779,"href":"https:\/\/essv.fr\/index.php\/wp-json\/wp\/v2\/pages\/287\/revisions\/779"}],"wp:attachment":[{"href":"https:\/\/essv.fr\/index.php\/wp-json\/wp\/v2\/media?parent=287"}],"curies":[{"name":"wp","href":"https:\/\/api.w.org\/{rel}","templated":true}]}}