{"id":478,"date":"2014-08-17T21:06:36","date_gmt":"2014-08-17T19:06:36","guid":{"rendered":"http:\/\/essv.fr\/?page_id=478"},"modified":"2014-08-21T13:59:13","modified_gmt":"2014-08-21T11:59:13","slug":"sequences","status":"publish","type":"page","link":"https:\/\/essv.fr\/index.php\/sequences\/","title":{"rendered":"s\u00e9quences"},"content":{"rendered":"<address>6 vid\u00e9os ajout\u00e9es<\/address>\n<p>&nbsp;<\/p>\n<h3>EXTRAIT S\u00c9ANCE niveau CENTAURE 1\u00a0&#8211;\u00a0Axes de d\u00e9placement<\/h3>\n<h4>D\u00e9couverte des sensations \u00e0 d\u00e9velopper et des points-cl\u00e9s pour que le couple \u00e9volue dans un espace complexe sur de la conduite d\u00eetes \u00ab\u00a0al\u00e9atoire\u00a0\u00bb : le cheval a la libert\u00e9 de choisir ses trac\u00e9s par rapport aux contraintes de l&rsquo;espace ( obstacle \u00e0 \u00e9viter, autre cheval, &#8230;) tout en restant dans la qualit\u00e9 d&rsquo;allure \u00a0demand\u00e9e et les axes de d\u00e9placement propos\u00e9s par son cavalier.<\/h4>\n<p><iframe loading=\"lazy\" title=\"ESSV - Extrait s\u00e9ance - Axe de d\u00e9placement\" width=\"605\" height=\"340\" src=\"https:\/\/www.youtube.com\/embed\/MTJY1o-bYj4?feature=oembed\" frameborder=\"0\" allow=\"accelerometer; autoplay; clipboard-write; encrypted-media; gyroscope; picture-in-picture; web-share\" referrerpolicy=\"strict-origin-when-cross-origin\" allowfullscreen><\/iframe><\/p>\n<p>&nbsp;<\/p>\n<h3>EXTRAIT S\u00c9ANCE niveau CENTAURE 1\u00a0&#8211;\u00a0Transitions simples<\/h3>\n<h4>D\u00e9couverte des sensations \u00e0 d\u00e9velopper et des points-cl\u00e9s pour effectuer des changement de direction\u00a0\u00a0sans perturber le cheval dans sa qualit\u00e9 de locomotion<\/h4>\n<p><iframe loading=\"lazy\" title=\"ESSV - Extrait s\u00e9ance - Transitions simples\" width=\"605\" height=\"340\" src=\"https:\/\/www.youtube.com\/embed\/tfgEofcxcc0?feature=oembed\" frameborder=\"0\" allow=\"accelerometer; autoplay; clipboard-write; encrypted-media; gyroscope; picture-in-picture; web-share\" referrerpolicy=\"strict-origin-when-cross-origin\" allowfullscreen><\/iframe><\/p>\n<p>&nbsp;<\/p>\n<h3>EXTRAIT S\u00c9ANCE niveau CENTAURE 1\u00a0&#8211;\u00a0Al\u00e9as de trac\u00e9 en d\u00e9but d&rsquo;apprentissage<\/h3>\n<h4>Au d\u00e9but, le cavalier et le cheval ne sont pas suffisamment dans une \u00e9coute r\u00e9ciproque. Ces \u00ab\u00a0petits soucis\u00a0\u00bb s&rsquo;estompent rapidement quand l&rsquo;un comme l&rsquo;autre se concentrent sur la r\u00e9gularit\u00e9 et la \u00a0tonicit\u00e9 de l&rsquo;allure.<\/h4>\n<p><iframe loading=\"lazy\" title=\"ESSV - Extrait s\u00e9ance - Al\u00e9as de trac\u00e9 en d\u00e9but d&#039;apprentissage\" width=\"605\" height=\"340\" src=\"https:\/\/www.youtube.com\/embed\/DFOq80Y3qAA?feature=oembed\" frameborder=\"0\" allow=\"accelerometer; autoplay; clipboard-write; encrypted-media; gyroscope; picture-in-picture; web-share\" referrerpolicy=\"strict-origin-when-cross-origin\" allowfullscreen><\/iframe><\/p>\n<p>&nbsp;<\/p>\n<h3>EXTRAIT S\u00c9ANCE niveau CENTAURE 2 &#8211; Conduite\u00a0simple<\/h3>\n<h4>D\u00e9couverte des sensations \u00e0 d\u00e9velopper et des points-cl\u00e9s pour effectuer des changement d&rsquo;allure sans perturber le cheval dans sa qualit\u00e9 de locomotion. Le cheval adapte son trac\u00e9 aux \u00e9l\u00e9ments ext\u00e9rieurs tout en respectant les orientations propos\u00e9es par son cavalier.<\/h4>\n<p><iframe loading=\"lazy\" title=\"ESSV - Extrait s\u00e9ance - Conduite simple\" width=\"605\" height=\"340\" src=\"https:\/\/www.youtube.com\/embed\/M8Ft3kceKl0?feature=oembed\" frameborder=\"0\" allow=\"accelerometer; autoplay; clipboard-write; encrypted-media; gyroscope; picture-in-picture; web-share\" referrerpolicy=\"strict-origin-when-cross-origin\" allowfullscreen><\/iframe><\/p>\n<p>&nbsp;<\/p>\n<h3>EXTRAIT S\u00c9ANCE niveau CENTAURE 2\u00a0&#8211; A pied :\u00a0 \u00ab\u00a0travail en main\u00a0\u00bb<\/h3>\n<h4>Le travail \u00e0 pied permet de faire entrer le cavalier , comme le cheval, dans les logiques relationnelles et techniques de l&rsquo;\u00e9quitation sensitive sans la vue . Ici un cavalier aveugle.<\/h4>\n<p><iframe loading=\"lazy\" title=\"ESSV - Conduite \u00e0 pied  type &quot;travail en main&quot;\" width=\"605\" height=\"340\" src=\"https:\/\/www.youtube.com\/embed\/UhL31_Ng-Es?feature=oembed\" frameborder=\"0\" allow=\"accelerometer; autoplay; clipboard-write; encrypted-media; gyroscope; picture-in-picture; web-share\" referrerpolicy=\"strict-origin-when-cross-origin\" allowfullscreen><\/iframe><\/p>\n<p>&nbsp;<\/p>\n<h3>EXTRAIT S\u00c9ANCE niveau CENTAURE 4 &#8211;\u00a0Cercle au galop<\/h3>\n<h4>Analyse du comportement adopt\u00e9 par le cheval pour d\u00e9finir une strat\u00e9gie \u00e9labor\u00e9e prenant en compte les\u00a0\u00bb tendances\u00a0\u00bb sp\u00e9cifiques de ce cheval.<\/h4>\n<p><iframe loading=\"lazy\" title=\"ESSV - Analyse technique - Disym\u00e9trie\" width=\"605\" height=\"340\" src=\"https:\/\/www.youtube.com\/embed\/0c7xbVXYnN0?feature=oembed\" frameborder=\"0\" allow=\"accelerometer; autoplay; clipboard-write; encrypted-media; gyroscope; picture-in-picture; web-share\" referrerpolicy=\"strict-origin-when-cross-origin\" allowfullscreen><\/iframe><\/p>\n","protected":false},"excerpt":{"rendered":"<p>6 vid\u00e9os ajout\u00e9es &nbsp; EXTRAIT S\u00c9ANCE niveau CENTAURE 1\u00a0&#8211;\u00a0Axes de d\u00e9placement D\u00e9couverte des sensations \u00e0 d\u00e9velopper et des points-cl\u00e9s pour que le couple \u00e9volue dans un espace complexe sur de la conduite d\u00eetes \u00ab\u00a0al\u00e9atoire\u00a0\u00bb : le cheval a la libert\u00e9 &hellip;<\/p>\n<p class=\"read-more\"> <a class=\"more-link\" href=\"https:\/\/essv.fr\/index.php\/sequences\/\"> <span class=\"screen-reader-text\">s\u00e9quences<\/span> Read More &raquo;<\/a><\/p>\n","protected":false},"author":2,"featured_media":0,"parent":0,"menu_order":0,"comment_status":"closed","ping_status":"closed","template":"","meta":{"footnotes":""},"class_list":["post-478","page","type-page","status-publish","hentry"],"_links":{"self":[{"href":"https:\/\/essv.fr\/index.php\/wp-json\/wp\/v2\/pages\/478","targetHints":{"allow":["GET"]}}],"collection":[{"href":"https:\/\/essv.fr\/index.php\/wp-json\/wp\/v2\/pages"}],"about":[{"href":"https:\/\/essv.fr\/index.php\/wp-json\/wp\/v2\/types\/page"}],"author":[{"embeddable":true,"href":"https:\/\/essv.fr\/index.php\/wp-json\/wp\/v2\/users\/2"}],"replies":[{"embeddable":true,"href":"https:\/\/essv.fr\/index.php\/wp-json\/wp\/v2\/comments?post=478"}],"version-history":[{"count":16,"href":"https:\/\/essv.fr\/index.php\/wp-json\/wp\/v2\/pages\/478\/revisions"}],"predecessor-version":[{"id":533,"href":"https:\/\/essv.fr\/index.php\/wp-json\/wp\/v2\/pages\/478\/revisions\/533"}],"wp:attachment":[{"href":"https:\/\/essv.fr\/index.php\/wp-json\/wp\/v2\/media?parent=478"}],"curies":[{"name":"wp","href":"https:\/\/api.w.org\/{rel}","templated":true}]}}